2 + 4*h - 6. Let p be f(4). Let w = y + p. What are the prime factors of w?
2, 47
What are the prime factors of ((-162630)/(-180))/(2/28)?
7, 13, 139
Let z = 29 + -17. Let o = z + 61. List the prime factors of 8/(-12)*6 + o.
3, 23
Let m = -9263 - -18483. What are the prime factors of m?
2, 5, 461
Let d be (-2 + 2)*1/5. Suppose x - 40 = -4*j - d*j, 4*j - 60 = 4*x. What are the prime factors of j?
11
Let p = 6006 + -4204. What are the prime factors of p?
2, 17, 53
Let t be (9/18)/(1/26). Suppose -4*c = -t*c + 36. Suppose 156 + 80 = c*f. What are the prime factors of f?
59
Let m(q) = -1 - 3*q + 16*q + 98*q**2 - 101*q**2. Let z be m(4). List the prime factors of ((-460)/15)/((-1)/z - 0).
2, 23
Let a be 7*25 - (-6 + 4). Let r be (-105)/(-28)*(-8)/(-6). Suppose y - 63 = -g, -a - 14 = -3*y - r*g. List the prime factors of y.
2, 31
Let t(v) = v + v**2 - 1 - 4*v + v. Let u be (-1)/(((-32)/4 + 6)/(-14)). List the prime factors of t(u).
2, 31
Let t = -330 + 336. Suppose -5*w + 4*h = -t*w + 537, 5*h - 534 = -w. What are the prime factors of w?
3, 61
Let z(h) = -h**3 + 5*h**2 + 6*h - 30. Let f be z(4). Suppose 7*i - 12 = f*i, 0 = 4*j + 3*i - 3180. List the prime factors of j.
2, 3, 7, 19
Let o = -90 + 98. Suppose -o*m + 45684 = m. Suppose 0 = 15*t + 3*t - m. List the prime factors of t.
2, 3, 47
List the prime factors of 145220/(-6)*3/12*-6.
5, 53, 137
Let p = 367 + 643. Let u = p + -551. What are the prime factors of u?
3, 17
Suppose -t + 22491 = 2*o, 2*t = 62 - 60. What are the prime factors of o?
5, 13, 173
Let j be (9/(-2))/((-39)/104). Suppose 4 = -2*x + j. Suppose 2*g - 542 = -5*t, 5*t + 5*g - 534 = -x. What are the prime factors of t?
2, 5, 11
Let g = -40 + 42. Suppose 0 = 3*f - 5*y - 516, -2*y = -2*f + g*y + 346. Suppose -3*s - 2*s = k - 170, k + 4*s - f = 0. List the prime factors of k.
5, 31
Suppose n - 5*z + 10 = 4*n, -z = -5*n + 26. Suppose -n*s = 4*s + 198. Let p = s + 120. What are the prime factors of p?
2, 7
Let l(c) = -23*c + 11. Suppose -y + 0*y - 19 = 3*p, -p + 4*y = 2. Let w be (-7)/14 - (-9)/p. List the prime factors of l(w).
3, 19
Let s = -51 - -71. Let j be -3 + (s/50 - 266/(-10)). Suppose -20*y + j*y - 260 = 0. What are the prime factors of y?
5, 13
Suppose 366 + 561 = -9*w. Let c = w + 74. Let p = 15 - c. What are the prime factors of p?
2, 11
Let l be (30/20)/(6/268). Let z = -38 + l. List the prime factors of z.
29
Let a(x) = x**3 - 53*x**2 + 35*x + 15. What are the prime factors of a(54)?
3, 1607
Suppose 0 = -452*x + 425*x + 426195. List the prime factors of x.
5, 7, 11, 41
Let f(n) = 2*n**2 + 20*n - 8. Let r be f(-10). Let p(u) = u**3 + 8*u**2 + 10*u + 5. Let m be p(r). List the prime factors of ((-2)/5)/(5/m).
2, 3
Let j = 1 - -1. Let d be 3/(3/5) - j. Suppose -n + 1176 = 5*b - d*n, -4*b = -4*n - 936. List the prime factors of b.
2, 59
Suppose -12*d + 17*d = -3*r + 36370, 0 = 5*d - 2*r - 36395. What are the prime factors of d?
19, 383
Let h(g) = 670*g**3 + 6*g**2 - 39*g + 108. List the prime factors of h(3).
3, 5, 13, 31
Suppose 14*j - 87 = -15*j. Suppose -414 - 2380 = -2*z - 2*v, -4*v = j*z - 4194. What are the prime factors of z?
2, 17, 41
Suppose 189*r = 198*r. Suppose 2*f + 4*f - 1326 = r. What are the prime factors of f?
13, 17
Suppose -58*f + 2 = -57*f. Suppose -1596 = f*m - 6*m. List the prime factors of m.
3, 7, 19
Let w = 10101 - 703. List the prime factors of w.
2, 37, 127
Let x(q) be the first derivative of 10*q**3 - 2*q + 9. Let u be x(2). Suppose 0 = -4*c + 3*c + u. List the prime factors of c.
2, 59
Suppose 3*u - 59685 = -3*g, -2*u = 3*g - 22721 - 17063. List the prime factors of u.
7, 2843
Let i(j) = -500*j + 378. List the prime factors of i(-11).
2, 2939
Suppose -5*f + 2*z = -3*z - 55, z + 27 = 3*f. Suppose 5*i = 2*x + 3, 0 = -2*x + 2*i + 2 - f. What are the prime factors of 1/(0 + x/(-172)) - -1?
2, 11
Suppose 0 = 21*f - 24*f + 135. Let r be (-13 - 1) + f/9. List the prime factors of (-4350)/(-18) - 3/r.
2, 11
Let a be (-12)/(-18) - 1990/6. Let b = a + 554. Let k = b + -155. List the prime factors of k.
2, 17
Suppose -2*j + 4 = -0. Suppose 2*d - 6*d + 768 = 0. Suppose -7*h + 491 = -j*h - 2*o, 0 = 2*h - 3*o - d. List the prime factors of h.
3, 11
Let d(t) = 3*t**2 - t + 1. Let x(q) = q + 13. Let g be x(-14). Let j be d(g). Suppose 4*b = 4*r + 144, -j*b + 2*r = -b - 140. What are the prime factors of b?
2, 17
Suppose 0 = 5*p - y - 275539, 24*p + 2*y = 25*p - 55115. List the prime factors of p.
3, 13, 157
Suppose 13*l - 55*l + 84 = 0. Suppose 2*f - k - 1110 = 0, 14*f - 10*f = -l*k + 2220. List the prime factors of f.
3, 5, 37
Suppose 9*a = -203 + 176. What are the prime factors of (-27952)/(-48) + (8/a)/(-4)?
11, 53
Suppose -16*t + 17599 + 128753 = 0. What are the prime factors of t?
3, 3049
Suppose -18*q = -19*q - 5*u + 1212, -3536 = -3*q + 5*u. List the prime factors of q.
1187
Let v(u) = 10*u**2 + 41*u + 10. Let g(l) = -4*l**2 - 14*l - 3. Let d(i) = -8*g(i) - 3*v(i). Suppose -4*c = -5*c + 8. List the prime factors of d(c).
2, 17
Let k(j) = -j**2 + 4*j + 10. Suppose 5*f = 12 - 47. Let w be k(f). Let v = 86 + w. What are the prime factors of v?
19
Let m(t) = 268*t**2 - 25*t + 75. List the prime factors of m(-8).
3, 37, 157
Suppose 10*d - d - 13338 = -0*d. List the prime factors of d.
2, 3, 13, 19
Suppose -5*u - s = -41163, -4*u + 12537 + 20400 = 3*s. Suppose 16*y - u = 10392. What are the prime factors of y?
2, 3, 97
Suppose a + 765 = w, 10*w - 3054 = 6*w + 2*a. Let g = -325 + w. What are the prime factors of g?
19, 23
Suppose 0 = -7*k + 8*k - 100. Let m = -96 + k. Suppose 9*i = -m*i + 1235. List the prime factors of i.
5, 19
Let v(l) = -2*l**3 + 11*l**2 + 2*l - 35. Let d be v(5). List the prime factors of 1741 - d/2 - (-29)/29.
2, 13, 67
Let s(n) be the second derivative of -97*n**5/20 + n**4/2 + n**3/2 - 3*n**2/2 + 6*n + 1. What are the prime factors of s(-1)?
97
Let n(c) = c - 16. Let u be n(20). Suppose 12*x - 8*x - 3660 = 4*v, 3*x = u*v + 2748. List the prime factors of x.
2, 3, 19
Let c(r) = -6*r + 8. Let s be c(-1). Suppose -6*u - 504 = -s*u. What are the prime factors of u?
3, 7
Let r(b) = -7*b**3 + 13*b**2 - 12*b - 4. Let p(o) = 15*o**3 - 27*o**2 + 24*o + 7. Let w(f) = -6*p(f) - 13*r(f). What are the prime factors of w(6)?
2, 23
Suppose 1038366 = 81*u - 296626 - 12119. List the prime factors of u.
16631
Let u = 47 - 34. Suppose 0 = 2*l + u - 33. Suppose -l*f + 4*f = -144. What are the prime factors of f?
2, 3
Let i be ((-1)/3)/((-3)/6966). Let l = i + -615. List the prime factors of l.
3, 53
Let o(k) = -k**3 - 3*k**2 + 2*k + 6. Let s be o(-4). Let g be (10 + -5 + 3/15)/(6/15). Suppose 124 = -g*m + s*m. List the prime factors of m.
2, 31
Suppose -w - 5*o = -14298, 5*w - 4*o - 52091 - 19254 = 0. What are the prime factors of w?
7, 2039
Suppose -14*c = 7*c - 605767 + 224701. What are the prime factors of c?
2, 43, 211
Let g(w) = -w**3 - 7*w**2 - 124*w + 13. What are the prime factors of g(-21)?
59, 149
Let x(f) = 23*f - 49. Let c be x(11). What are the prime factors of 3*(88/18)/(17/c)?
2, 11
Suppose 8359 = 3*n - 10412. What are the prime factors of n?
6257
Suppose 16 + 44 = 10*i. List the prime factors of ((-1424)/(-8))/(i/9).
3, 89
Let d = -67 + 63. Let k be d/10 - (-432)/80. Suppose -5*t = -4*w - 406, k*t - 2*w - 3*w = 405. List the prime factors of t.
2, 41
Let n(y) = -259*y + 4. Let p be 1/((-4 - -3)*(-1)/(-1)). List the prime factors of n(p).
263
Suppose -22*j - 43506 = -14*j - 14*j. What are the prime factors of j?
3, 2417
Let f(j) = 987*j**3 - 9*j**2 - 7*j + 44. List the prime factors of f(2).
2, 3, 5, 263
Let p = 255 - 507. Let u = -389 - p. Let z = u - -207. List the prime factors of z.
2, 5, 7
Let y(w) = 38*w**2 - w - 4. Let x(b) = b - 5. Suppose -3*z + 5*z = 6. Let t be x(z). List the prime factors of y(t).
2, 3, 5
Suppose 30840 = p + 291*l - 290*l, p - 30825 = -4*l. List the prime factors of p.
5, 31, 199
Let d be -5 + 6 + 939 + 7. Let s = 1404 - d. What are the prime factors of s?
457
Suppose 21*r - 64767 = 81074 - 54260. What are the prime factors of r?
7, 89
Let b be (99 + -1 + 4)*(-4)/(-6). Suppose 57*p = b*p - 15532. List the prime factors of p.
2, 353
Let q(m) = m**3 + 8*m**2 - 8*m + 8. Let r = -56 - -47. Let i be q(r). What are the prime factors of 2/i + (-93)/6*-6?
7, 13
Let n(j) 